173664?
True
Is 18048586 a multiple of 117?
False
Does 35 divide 77252245?
True
Is 372368238 a multiple of 34?
True
Is 42 a factor of 75503550?
False
Is 40 a factor of 4431875920?
True
Is 177 a factor of 165367641?
False
Is 2645673 a multiple of 23?
False
Is 3800217 a multiple of 453?
True
Is 30805200 a multiple of 40?
True
Is 141 a factor of 7507334?
False
Does 828 divide 31839912?
True
Is 291098880 a multiple of 72?
True
Is 390 a factor of 194645490?
True
Is 2950 a factor of 849269600?
True
Does 358 divide 898632334?
False
Does 227 divide 8960477?
False
Is 1300567663 a multiple of 5998?
False
Is 27 a factor of 59075195?
False
Is 131234366 a multiple of 177?
False
Is 197827263 a multiple of 747?
True
Does 31 divide 998477730?
False
Is 610987642 a multiple of 3273?
False
Does 9 divide 35853192?
True
Is 596121783 a multiple of 77?
False
Is 17419000 a multiple of 175?
False
Does 17 divide 13980987?
True
Does 519 divide 193327324?
False
Is 2 a factor of 8897562?
True
Is 7956832 a multiple of 171?
False
Is 19 a factor of 3099240972?
False
Is 25 a factor of 1178654?
False
Does 1986 divide 252891282?
True
Is 120262286 a multiple of 27?
False
Is 3343610586 a multiple of 9663?
True
Is 162018082 a multiple of 487?
True
Does 3428 divide 16526388?
True
Is 212318790 a multiple of 10?
True
Is 339613956 a multiple of 9?
True
Does 34 divide 58941244?
True
Is 1570769347 a multiple of 5815?
False
Does 302 divide 490406928?
True
Is 70 a factor of 38611256?
False
Is 2 a factor of 21520295?
False
Does 58 divide 8390802?
True
Is 4164383 a multiple of 1329?
False
Is 183 a factor of 11759946?
True
Is 1100052453 a multiple of 153?
False
Is 104686300 a multiple of 1595?
False
Is 61 a factor of 296914024?
False
Does 93 divide 27543699?
False
Does 44 divide 739250?
False
Is 2778 a factor of 5413873464?
False
Is 25 a factor of 824116050?
True
Does 3214 divide 58025556?
True
Is 258291349 a multiple of 7?
False
Does 2452 divide 137481188?
True
Is 307 a factor of 623232260?
False
Is 96027924 a multiple of 12?
True
Is 78935643 a multiple of 9?
True
Does 33 divide 1078848046?
False
Does 178 divide 44666297?
False
Is 9 a factor of 24308982?
True
Is 2035759129 a multiple of 1369?
True
Does 15 divide 50623515?
True
Is 13517318 a multiple of 2?
True
Is 1337 a factor of 28700042?
True
Is 1420957496 a multiple of 689?
False
Does 1115 divide 254076232?
False
Does 2022 divide 7942416?
True
Is 65143542 a multiple of 2095?
False
Is 2354485176 a multiple of 9?
True
Is 822 a factor of 110004972?
True
Is 367 a factor of 2768648?
True
Is 2 a factor of 54674365?
False
Does 800 divide 529704000?
True
Is 44524262 a multiple of 189?
False
Is 99997672 a multiple of 230?
False
Does 51 divide 1299801708?
True
Is 518929708 a multiple of 35?
False
Is 33740273 a multiple of 37?
False
Is 250559961 a multiple of 54?
False
Is 1053 a factor of 40502592?
True
Is 261 a factor of 19932570?
True
Is 98504322 a multiple of 20?
False
Does 533 divide 4792736?
True
Does 416 divide 107687840?
True
Is 2891 a factor of 399403214?
True
Is 32 a factor of 86301632?
True
Does 3115 divide 104519794?
False
Does 1487 divide 64339516?
True
Is 36 a factor of 55499868?
True
Does 958 divide 3858824?
True
Is 2708 a factor of 1310352456?
True
Does 8 divide 588234484?
False
Is 18901433 a multiple of 27?
False
Does 842 divide 26061581?
False
Is 30364318 a multiple of 19?
True
Is 19 a factor of 4384488849?
True
Is 55 a factor of 3252526860?
True
Is 2541 a factor of 9667547?
False
Is 955 a factor of 15244665?
True
Is 2 a factor of 484308878?
True
Does 45 divide 332808975?
True
Is 212983185 a multiple of 1544?
False
Is 57586572 a multiple of 2868?
True
Is 2897081553 a multiple of 74?
False
Is 144 a factor of 423583488?
True
Does 32 divide 32914536?
False
Is 1159 a factor of 103315021?
False
Is 236182914 a multiple of 74?
True
Is 177873965 a multiple of 73?
False
Is 15 a factor of 891742860?
True
Is 1832 a factor of 42715331?
False
Does 42 divide 1974227?
False
Is 222 a factor of 730459698?
True
Is 2002 a factor of 153081181?
False
Does 21 divide 91013028?
False
Is 970508 a multiple of 46?
True
Does 27 divide 1076186898?
True
Is 105328297 a multiple of 1413?
False
Is 31 a factor of 14131969?
False
Does 54 divide 88863318?
True
Does 3 divide 5190061?
False
Does 972 divide 59308578?
False
Is 716 a factor of 22190830?
False
Does 1409 divide 73552320?
False
Is 2010655935 a multiple of 2568?
False
Does 128 divide 282112000?
True
Does 2137 divide 8110420335?
False
Is 16 a factor of 141753968?
True
Is 6 a factor of 11071380?
True
Is 210706896 a multiple of 4080?
False
Is 31981168 a multiple of 334?
True
Is 63371938 a multiple of 580?
False
Does 24 divide 8107792?
False
Is 79 a factor of 38193182?
True
Is 60 a factor of 54618300?
True
Is 125908677 a multiple of 11?
False
Is 1690 a factor of 1273919062?
False
Does 5 divide 48968951?
False
Is 74 a factor of 4651440?
False
Is 165 a factor of 31465335?
True
Does 20 divide 232248060?
True
Is 674 a factor of 31603860?
True
Is 15379664 a multiple of 4?
True
Does 11 divide 5297713?
False
Does 25 divide 330691375?
True
Is 2787209975 a multiple of 3839?
True
Does 20 divide 713059300?
True
Does 146 divide 149961856?
True
Is 9 a factor of 48289662?
True
Is 1494 a factor of 56994745?
False
Is 10719145 a multiple of 18?
False
Is 42242200 a multiple of 220?
True
Is 17705159 a multiple of 37?
False
Is 404 a factor of 29727936?
True
Is 40736880 a multiple of 80?
True
Is 169208365 a multiple of 83?
True
Is 16 a factor of 3739418?
False
Is 515556846 a multiple of 1630?
False
Is 58 a factor of 219930308?
False
Is 1301151336 a multiple of 1402?
True
Is 2835242928 a multiple of 8406?
True
Is 43 a factor of 138807311?
True
Is 90 a factor of 32879790?
True
Does 5 divide 36987685?
True
Does 5937 divide 511638786?
True
Does 32 divide 1646678752?
True
Is 3033 a factor of 1954203794?
False
Is 121284861 a multiple of 75?
False
Is 676 a factor of 42476460?
True
Is 6785 a factor of 119924875?
True
Is 5785677192 a multiple of 14?
False
Does 538 divide 49245830?
True
Is 24 a factor of 500317677?
False
Is 139 a factor of 19526859?
True
Is 4 a factor of 857068?
True
Does 11 divide 86548?
True
Does 77 divide 27227816?
True
Is 2587 a factor of 259408127?
False
Is 18997203 a multiple of 31?
True
Is 121 a factor of 2796036782?
True
Does 2778 divide 56926776?
True
Is 67920088 a multiple of 8?
True
Is 4309219 a multiple of 164?
False
Is 47342560 a multiple of 8?
True
Is 14601790 a multiple of 12?
False
Is 25204078 a multiple of 4119?
False
Is 77263728 a multiple of 6?
True
Does 1516 divide 39714652?
True
Does 847 divide 32600183?
True
Is 22 a factor of 238916126?
False
Does 1339 divide 1363224607?
False
Is 16 a factor of 1324774006?
False
Is 449417597 a multiple of 204?
False
Is 3712211 a multiple of 39?
False
Is 896243694 a multiple of 33?
False
Does 182 divide 3155824308?
True
Is 13 a factor of 15412900?
False
Does 80 divide 12707446?
False
Is 221 a factor of 47120922?
False
Is 12023 a factor of 5909629121?
True
Does 96 divide 279119779?
False
Does 1530 divide 103890060?
True
Is 14 a factor of 9039912?
True
Does 2987 divide 2258379879?
False
Does 424 divide 152263064?
True
Is 574 a factor of 81873344?
False
Does 746 divide 31505674?
False
Does 60 divide 17384664?
False
Is 14880822 a multiple of 103?
True
Is 345 a factor of 481868745?
True
Is 76233472 a multiple of 11?
False
Is 502945408 a multiple of 1484?
True
Is 164 a factor of 899028976?
True
Is 25631961 a multiple of 52?
False
Is 129155918 a multiple of 86?
True
Is 32216580 a multiple of 11?
True
Is 1516535855 a multiple of 5290?
False
Does 49 divide 999529929?
False
Is 26540544 a multiple of 384?
True
Is 11 a factor of 1620115531?
False
Is 683446578 a multiple of 3147?
True
Does 7 divide 18091385?
False
Is 57 a factor of 800456871?
True
Does 16 divide 675351838?
False
Is 254 a factor of 22635210?
True
Is 35114363 a multiple of 681?
False
Is 107 a factor of 345252800?
False
Is 705 a factor of 57444082?
False
Is 118 a factor of 15359706?
True
Is 198 a factor of 1941198185?
False
Is 39896508 a multiple of 194?
False
Is 469213920 a multiple of 28?
True
Is 32 a factor of 30229350?
False
Does 111 divide 918877585?
False
Is 57 a factor of 5016721246?
False
Is 494 a factor of 3